multiple of 59?
False
Is 1778 a multiple of 221?
False
Is 29731 a multiple of 11?
False
Is 6 a factor of 2031?
False
Is 63 a factor of 1071?
True
Is 16223 a multiple of 14?
False
Is 13 a factor of 3997?
False
Does 4 divide 14738?
False
Does 163 divide 59169?
True
Does 4 divide 12612?
True
Is 380 a factor of 39900?
True
Is 1211 a multiple of 44?
False
Is 7 a factor of 5446?
True
Is 2420 a multiple of 44?
True
Is 10 a factor of 5512?
False
Is 222 a factor of 2833?
False
Is 11 a factor of 993?
False
Is 7321 a multiple of 79?
False
Does 3 divide 428?
False
Is 15 a factor of 240?
True
Is 1900 a multiple of 20?
True
Is 15 a factor of 529?
False
Is 15 a factor of 105311?
False
Is 238 a multiple of 31?
False
Is 22062 a multiple of 79?
False
Is 19116 a multiple of 118?
True
Is 33 a factor of 18331?
False
Is 481 a multiple of 17?
False
Is 45 a factor of 57527?
False
Is 3270 a multiple of 10?
True
Is 137 a factor of 41676?
False
Does 35 divide 700?
True
Is 4 a factor of 17?
False
Does 6 divide 2700?
True
Is 327 a multiple of 25?
False
Is 129 a multiple of 4?
False
Is 9150 a multiple of 75?
True
Is 8735 a multiple of 99?
False
Is 83 a factor of 275?
False
Is 517 a multiple of 11?
True
Does 26 divide 151?
False
Is 23876 a multiple of 94?
True
Does 6 divide 1350?
True
Is 7055 a multiple of 50?
False
Is 2711 a multiple of 11?
False
Does 22 divide 8580?
True
Does 27 divide 156?
False
Does 12 divide 6084?
True
Is 31850 a multiple of 91?
True
Does 14 divide 2604?
True
Is 10 a factor of 32745?
False
Is 6 a factor of 185?
False
Is 4830 a multiple of 56?
False
Is 30808 a multiple of 13?
False
Is 2945 a multiple of 19?
True
Is 44 a factor of 9680?
True
Is 5947 a multiple of 14?
False
Does 17 divide 8267?
False
Is 18103 a multiple of 7?
False
Is 4440 a multiple of 6?
True
Does 26 divide 17930?
False
Does 10 divide 2670?
True
Does 4 divide 7119?
False
Is 148 a factor of 5920?
True
Is 95 a multiple of 3?
False
Does 4 divide 2459?
False
Does 133 divide 1818?
False
Does 12 divide 564?
True
Is 20980 a multiple of 20?
True
Is 2960 a multiple of 23?
False
Does 61 divide 2343?
False
Does 14 divide 2814?
True
Does 95 divide 38842?
False
Does 9 divide 12402?
True
Does 11 divide 1287?
True
Does 35 divide 245?
True
Does 35 divide 6230?
True
Is 48 a factor of 240?
True
Is 34 a factor of 10472?
True
Is 97 a factor of 536?
False
Is 3 a factor of 111?
True
Is 6008 a multiple of 8?
True
Does 76 divide 80881?
False
Is 883 a multiple of 21?
False
Is 35 a factor of 8225?
True
Does 43 divide 563?
False
Is 97 a factor of 776?
True
Is 33 a factor of 5214?
True
Does 67 divide 2398?
False
Is 1776 a multiple of 12?
True
Is 584 a multiple of 8?
True
Is 159 a factor of 15044?
False
Is 9 a factor of 1926?
True
Does 14 divide 2898?
True
Is 2258 a multiple of 19?
False
Does 14 divide 84?
True
Does 110 divide 12100?
True
Does 17 divide 368?
False
Is 12 a factor of 27313?
False
Is 19 a factor of 6065?
False
Is 20548 a multiple of 22?
True
Is 4 a factor of 348?
True
Is 2019 a multiple of 39?
False
Does 318 divide 30602?
False
Does 87 divide 3403?
False
Is 19 a factor of 2641?
True
Is 2481 a multiple of 3?
True
Does 213 divide 2343?
True
Is 171 a factor of 25010?
False
Is 9 a factor of 10717?
False
Is 3 a factor of 46?
False
Is 31 a factor of 266?
False
Is 105 a factor of 9765?
True
Is 12635 a multiple of 133?
True
Is 184 a multiple of 6?
False
Is 19032 a multiple of 33?
False
Is 455 a factor of 111745?
False
Is 329 a multiple of 23?
False
Is 7 a factor of 439?
False
Is 23 a factor of 1031?
False
Is 14 a factor of 14234?
False
Is 486 a multiple of 34?
False
Is 48 a factor of 34224?
True
Is 38719 a multiple of 69?
False
Is 36 a factor of 612?
True
Does 16 divide 34432?
True
Is 4854 a multiple of 22?
False
Is 59 a factor of 8850?
True
Is 1078 a multiple of 10?
False
Is 38897 a multiple of 97?
True
Does 26 divide 8697?
False
Does 51 divide 102?
True
Does 23 divide 501?
False
Is 12 a factor of 607?
False
Is 104 a factor of 6864?
True
Is 8 a factor of 443?
False
Does 34 divide 1258?
True
Does 4 divide 51?
False
Does 6 divide 4643?
False
Is 4940 a multiple of 65?
True
Is 11 a factor of 528?
True
Does 24 divide 72?
True
Is 678 a multiple of 113?
True
Is 22 a factor of 3015?
False
Does 47 divide 1275?
False
Is 28 a factor of 56?
True
Is 386 a multiple of 5?
False
Is 82 a factor of 7768?
False
Is 1200 a multiple of 5?
True
Is 79 a factor of 4819?
True
Does 31 divide 2150?
False
Does 22 divide 3300?
True
Is 8 a factor of 30947?
False
Is 21097 a multiple of 73?
True
Is 770 a multiple of 35?
True
Does 12 divide 217?
False
Is 1104 a multiple of 92?
True
Is 189 a factor of 8585?
False
Does 35 divide 5705?
True
Is 12 a factor of 33348?
True
Is 7390 a multiple of 3?
False
Is 9 a factor of 855?
True
Is 1248 a multiple of 24?
True
Is 69 a factor of 894?
False
Does 66 divide 990?
True
Is 64 a factor of 38976?
True
Is 2280 a multiple of 19?
True
Does 6 divide 16842?
True
Is 5240 a multiple of 40?
True
Is 120 a multiple of 12?
True
Is 1059 a multiple of 11?
False
Is 62 a factor of 16741?
False
Does 3 divide 1297?
False
Is 12 a factor of 194?
False
Does 22 divide 5517?
False
Is 2720 a multiple of 136?
True
Is 1577 a multiple of 17?
False
Is 73 a factor of 1463?
False
Is 83 a factor of 12699?
True
Is 63196 a multiple of 69?
False
Is 2584 a multiple of 76?
True
Does 43 divide 817?
True
Is 33883 a multiple of 50?
False
Is 120906 a multiple of 18?
True
Does 30 divide 270?
True
Is 1032 a multiple of 6?
True
Does 33 divide 1964?
False
Is 10 a factor of 310?
True
Is 7119 a multiple of 31?
False
Is 2 a factor of 12?
True
Is 60 a multiple of 2?
True
Does 12 divide 1656?
True
Does 12 divide 3036?
True
Is 7 a factor of 1314?
False
Is 33 a factor of 33?
True
Is 43 a factor of 2068?
False
Does 9 divide 137?
False
Is 9020 a multiple of 11?
True
Is 90 a factor of 5033?
False
Is 3350 a multiple of 50?
True
Does 50 divide 1066?
False
Does 129 divide 28615?
False
Is 11 a factor of 1925?
True
Is 1839 a multiple of 49?
False
Is 15 a factor of 2505?
True
Is 7508 a multiple of 41?
False
Is 14 a factor of 1050?
True
Does 16 divide 10887?
False
Is 20 a factor of 1858?
False
Is 1316 a multiple of 5?
False
Is 1618 a multiple of 65?
False
Is 352 a multiple of 22?
True
Does 18 divide 288?
True
Is 18 a factor of 432?
True
Is 6 a factor of 102?
True
Does 14 divide 756?
True
Does 42 divide 3444?
True
Is 4374 a multiple of 54?
True
Does 15 divide 3390?
True
Is 27 a factor of 1818?
False
Is 9 a factor of 19863?
True
Does 7 divide 632?
False
Is 28002 a multiple of 78?
True
Is 1080 a multiple of 54?
True
Is 110 a factor of 19360?
True
Is 8928 a multiple of 12?
True
Does 12 divide 1384?
False
Is 3034 a multiple of 41?
True
Is 1302 a multiple of 42?
True
Does 22 divide 44044?
True
Is 67167 a multiple of 14?
False
Is 71 a factor of 63864?
False
Is 798 a multiple of 14?
True
Is 9 a factor of 108?
True
Is 280 a multiple of 18?
False
Is 155 a multiple of 4?
False
Is 10944 a multiple of 57?
True
Is 49 a factor of 1554?
False
Does 50 divide 27314?
False
Does 11 divide 836?
True
Does 67 divide 11591?
True
Is 630 a multiple of 45?
True
Is 2188 a multiple of 12?
False
Does 25 divide 8844?
False
Is 644 a multiple of 23?
True
Does 6 divide 10246?
False
Is 15450 a multiple of 222?
False
Is 7 a factor of 665?
True
Is 169 a factor of 22446?
False
Is 17 a factor of 1122?
True
Is 68 a factor of 834?
False
Does 21 divide 68691?
True
Does 54 divide 6594?
False
Does 165 divide 25217?
False
Does 18 divide 20592?
True
Does 315 divide 7124?
False
Is 159 a multiple of 43?
False
Does 104 divide 4160?
True
Is 6 a factor of 90?
True
Does 38 divide 360?
False
Does 65 divide 16510?
True
Is 13 a factor of 286?
True
Does 301 divide 106554?
True
Does 53 divide 636?
True
Is 1154 a multiple of 15?
False
Does 30 divide 22800?
True
Does 9 divide 20807?
False
Does 5 divide 29?
False
Is 4 a factor of 3282?
False
Is 65 a factor of 369?
False
Does 36 divide 9720?
True
Is 8 a factor of 679?
False
Is 106 a factor of 424?
True
Does 6 divide 738?
True
Does 20 divide 457?
False
Is 21488 a multiple of 16?
True
Is 16 a factor of 4784?
True
Does 89 divide 5963?
True
Does 66 divide 574?
False
Does 23 divide 541?
False
Is 615 a multiple of 15?
True
Does 145 divide 10331?
False
Is 13 a factor of 364?
T